{"id":118,"date":"2016-02-19T09:26:42","date_gmt":"2016-02-19T09:26:42","guid":{"rendered":"http:\/\/plethorathemes.com\/healthflex\/health-coach\/?page_id=118"},"modified":"2024-07-17T10:48:37","modified_gmt":"2024-07-17T10:48:37","slug":"connect","status":"publish","type":"page","link":"https:\/\/xn--paartherapie-mnsterland-ppc.de\/index.php\/connect\/","title":{"rendered":"Kontakt"},"content":{"rendered":"<p>[vc_row color_set=&#8220;secondary_section&#8220; full_width=&#8220;0&#8243; full_height=&#8220;0&#8243; row_padding=&#8220;no_padding&#8220; particles=&#8220;0&#8243; css=&#8220;.vc_custom_1457637057408{padding-top: 64px !important;}&#8220;][vc_column width=&#8220;1\/2&#8243; heading_align=&#8220;text-center&#8220; color_set=&#8220;secondary_section&#8220; background=&#8220;transparent&#8220; transparent_overlay=&#8220;transparent_film&#8220; boxed=&#8220;boxed_plus&#8220; margin=&#8220;margin_bottom_grid&#8220;][vc_empty_space][vc_column_text]Lassen Sie uns dr\u00fcber reden![\/vc_column_text]\n<div class=\"wpcf7 no-js\" id=\"wpcf7-f1080-o1\" lang=\"de-DE\" dir=\"ltr\" data-wpcf7-id=\"1080\">\n<div class=\"screen-reader-response\"><p role=\"status\" aria-live=\"polite\" aria-atomic=\"true\"><\/p> <ul><\/ul><\/div>\n<form action=\"\/index.php\/wp-json\/wp\/v2\/pages\/118#wpcf7-f1080-o1\" method=\"post\" class=\"wpcf7-form init\" aria-label=\"Kontaktformular\" novalidate=\"novalidate\" data-status=\"init\">\n<fieldset class=\"hidden-fields-container\"><input type=\"hidden\" name=\"_wpcf7\" value=\"1080\" \/><input type=\"hidden\" name=\"_wpcf7_version\" value=\"6.1.5\" \/><input type=\"hidden\" name=\"_wpcf7_locale\" value=\"de_DE\" \/><input type=\"hidden\" name=\"_wpcf7_unit_tag\" value=\"wpcf7-f1080-o1\" \/><input type=\"hidden\" name=\"_wpcf7_container_post\" value=\"0\" \/><input type=\"hidden\" name=\"_wpcf7_posted_data_hash\" value=\"\" \/><input type=\"hidden\" name=\"_wpcf7_recaptcha_response\" value=\"\" \/>\n<\/fieldset>\n<p><label> Ihr Name<br \/>\n<span class=\"wpcf7-form-control-wrap\" data-name=\"your-name\"><input size=\"40\" maxlength=\"400\" class=\"wpcf7-form-control wpcf7-form-control form-control wpcf7-validates-as-required\" aria-required=\"true\" aria-invalid=\"false\" value=\"\" type=\"text\" name=\"your-name\" \/><\/span> <\/label>\n<\/p>\n<p><label> Ihre Telefonnummer<br \/>\n<span class=\"wpcf7-form-control-wrap\" data-name=\"your-number\"><input size=\"40\" maxlength=\"400\" class=\"wpcf7-form-control wpcf7-tel wpcf7-form-control form-control wpcf7-validates-as-tel\" aria-invalid=\"false\" value=\"\" type=\"tel\" name=\"your-number\" \/><\/span> <\/label>\n<\/p>\n<p><label> Ihre E-Mail-Adresse<br \/>\n<span class=\"wpcf7-form-control-wrap\" data-name=\"your-email\"><input size=\"40\" maxlength=\"400\" class=\"wpcf7-form-control wpcf7-form-control form-control wpcf7-validates-as-required wpcf7-form-control form-control wpcf7-validates-as-email\" aria-required=\"true\" aria-invalid=\"false\" value=\"\" type=\"email\" name=\"your-email\" \/><\/span> <\/label>\n<\/p>\n<p><label> Ihre Nachricht<br \/>\n<span class=\"wpcf7-form-control-wrap\" data-name=\"your-message\"><textarea cols=\"40\" rows=\"10\" maxlength=\"2000\" class=\"wpcf7-form-control wpcf7-form-control wpcf7-form-control form-control wpcf7-validates-as-required\" aria-required=\"true\" aria-invalid=\"false\" name=\"your-message\"><\/textarea><\/span> <\/label>\n<\/p>\n<p><label> Gew\u00fcnschtes Datum f\u00fcr ein Gespr\u00e4ch (optional)<br \/>\n<span class=\"wpcf7-form-control-wrap datetime-497\"><input size=\"40\" class=\"wpcf7-form-control wpcf7-datetime wpcf7-date\" type=\"text\" value=\"\" name=\"datetime-497\" \/> <\/span> <\/label>\n<\/p>\n<span class=\"wpcf7-form-control-wrap recaptcha\" data-name=\"recaptcha\"><span data-sitekey=\"6Lec4QwqAAAAAEDzGMeMZ7RZ1Rhrgzb-Bfj5a_yK\" class=\"wpcf7-form-control wpcf7-recaptcha g-recaptcha\"><\/span>\r\n<noscript>\r\n\t<div class=\"grecaptcha-noscript\">\r\n\t\t<iframe loading=\"lazy\" src=\"https:\/\/www.google.com\/recaptcha\/api\/fallback?k=6Lec4QwqAAAAAEDzGMeMZ7RZ1Rhrgzb-Bfj5a_yK\" frameborder=\"0\" scrolling=\"no\" width=\"310\" height=\"430\">\r\n\t\t<\/iframe>\r\n\t\t<textarea name=\"g-recaptcha-response\" rows=\"3\" cols=\"40\" placeholder=\"reCaptcha Response Here\">\r\n\t\t<\/textarea>\r\n\t<\/div>\r\n<\/noscript>\r\n<\/span>\n<p><input class=\"wpcf7-form-control wpcf7-submit btn btn-primary has-spinner\" type=\"submit\" value=\"Senden\" \/>\n<\/p><div class=\"wpcf7-response-output\" aria-hidden=\"true\"><\/div>\n<\/form>\n<\/div>\n[vc_empty_space][\/vc_column][vc_column width=&#8220;1\/2&#8243; heading_align=&#8220;text-center&#8220; boxed=&#8220;boxed_plus&#8220;][vc_empty_space][vc_single_image image=&#8220;169&#8243; img_size=&#8220;&#8220;][vc_column_text]Ich freue mich auf Ihre Kontaktaufnahme.[\/vc_column_text][vc_column_text]<\/p>\n<div class=\"wpb_text_column wpb_content_element \">\n<div class=\"wpb_wrapper\">\n<p><strong>Termine nach Vereinbarung<\/strong><\/p>\n<p><strong>Tel.: 0178 &#8211; 65 85 437<\/strong><\/p>\n<p><strong>info@Spitthoff.com<\/strong><\/p>\n<p><strong>Webereistra\u00dfe 3, 48565 Steinfurt &#8211; Borghorst<\/strong><\/p>\n<\/div>\n<\/div>\n<p>[\/vc_column_text][\/vc_column][\/vc_row][vc_row color_set=&#8220;dark_section&#8220; full_width=&#8220;0&#8243; full_height=&#8220;0&#8243; row_padding=&#8220;no_padding&#8220; sep_top=&#8220;separator_top sep_angled_positive_top&#8220; sep_bottom=&#8220;separator_bottom sep_angled_positive_bottom&#8220; particles=&#8220;0&#8243;][vc_column width=&#8220;1\/2&#8243;]<!-- ========================== TEASER BOX ==========================-->\n<div class=\"teaser_box wpb_content_element text-center   boxed     \">\n\n\n  <div class=\"figure \">\n\n\n        \n\n        \n\n        <i class=\"fa fa-car\"><\/i>\n\n\n\n\n  <\/div>\n\n\n  <div class=\"content text-center  \">\n    \n    <div class=\"hgroup\">\n       <h4 class=\"neutralize_links\">\n       Parkpl\u00e4tze\n       <\/h4>\n       <p>Vor dem Geb\u00e4ude stehen freie Parkpl\u00e4tze f\u00fcr Sie bereit.<\/p> \n    <\/div>\n\n    \n\n\n  <\/div>\n\n<\/div>\n\n<!-- END======================= TEASER BOX ==========================-->[\/vc_column][vc_column width=&#8220;1\/2&#8243;]<!-- ========================== TEASER BOX ==========================-->\n<div class=\"teaser_box wpb_content_element text-center   boxed     \">\n\n\n  <div class=\"figure \">\n\n      <a href=\"https:\/\/fahrplan-bus-bahn.de\/nrw\/nordwalde\/haltestelle\/gangolfschule_nordwalde-4121650\" debug title=\"\" target=\"_blank\"> \n\n        \n\n        \n\n        <i class=\"fa fa-bus\"><\/i>\n\n\n    <\/a>\n\n\n  <\/div>\n\n\n  <div class=\"content text-center  \">\n    \n    <div class=\"hgroup\">\n       <h4 class=\"neutralize_links\">\n       Bus Verbindungen\n       <\/h4>\n      \n    <\/div>\n\n     <div class=\"desc\"><p>Die Bushaltestelle &#8222;Bleicherei, Wilmsberg&#8220; ist in unmittelbarer N\u00e4he.<br \/>\nHier halten die Linien R73, 153 und 178.<\/p><\/div> \n\n\n  <\/div>\n\n<\/div>\n\n<!-- END======================= TEASER BOX ==========================-->[\/vc_column][\/vc_row][vc_row color_set=&#8220;black_section&#8220; align=&#8220;text-center&#8220; full_width=&#8220;0&#8243; full_height=&#8220;0&#8243; transparent_overlay=&#8220;transparent_film&#8220; background=&#8220;bgimage&#8220; bgimage=&#8220;6&#8243; parallax=&#8220;0&#8243;][vc_column]<div class=\"section_header subtitle_bottom   fancy text-center\">\n\n    <h2>Ich freue mich auf Sie!<\/h2>\n\n\n        <p ><\/p>\n<\/div>[\/vc_column][\/vc_row]<\/p>\n","protected":false},"excerpt":{"rendered":"<p>[vc_row color_set=&#8220;secondary_section&#8220; full_width=&#8220;0&#8243; full_height=&#8220;0&#8243; row_padding=&#8220;no_padding&#8220; particles=&#8220;0&#8243; css=&#8220;.vc_custom_1457637057408{padding-top: 64px !important;}&#8220;][vc_column width=&#8220;1\/2&#8243; heading_align=&#8220;text-center&#8220; color_set=&#8220;secondary_section&#8220; background=&#8220;transparent&#8220; transparent_overlay=&#8220;transparent_film&#8220; boxed=&#8220;boxed_plus&#8220; margin=&#8220;margin_bottom_grid&#8220;][vc_empty_space][vc_column_text]Lassen Sie uns dr\u00fcber reden![\/vc_column_text][vc_empty_space][\/vc_column][vc_column width=&#8220;1\/2&#8243; heading_align=&#8220;text-center&#8220; boxed=&#8220;boxed_plus&#8220;][vc_empty_space][vc_single_image image=&#8220;169&#8243; img_size=&#8220;&#8220;][vc_column_text]Ich freue mich auf Ihre Kontaktaufnahme.[\/vc_column_text][vc_column_text] Termine nach Vereinbarung Tel.: 0178 &#8211; 65 85 437 info@Spitthoff.com Webereistra\u00dfe 3, 48565 Steinfurt &#8211; Borghorst [\/vc_column_text][\/vc_column][\/vc_row][vc_row color_set=&#8220;dark_section&#8220; full_width=&#8220;0&#8243; full_height=&#8220;0&#8243; row_padding=&#8220;no_padding&#8220; sep_top=&#8220;separator_top sep_angled_positive_top&#8220; sep_bottom=&#8220;separator_bottom sep_angled_positive_bottom&#8220; [&hellip;]<\/p>\n","protected":false},"author":1,"featured_media":0,"parent":0,"menu_order":0,"comment_status":"closed","ping_status":"closed","template":"","meta":{"_exactmetrics_skip_tracking":false,"_exactmetrics_sitenote_active":false,"_exactmetrics_sitenote_note":"","_exactmetrics_sitenote_category":0,"footnotes":""},"class_list":["post-118","page","type-page","status-publish","hentry"],"_links":{"self":[{"href":"https:\/\/xn--paartherapie-mnsterland-ppc.de\/index.php\/wp-json\/wp\/v2\/pages\/118","targetHints":{"allow":["GET"]}}],"collection":[{"href":"https:\/\/xn--paartherapie-mnsterland-ppc.de\/index.php\/wp-json\/wp\/v2\/pages"}],"about":[{"href":"https:\/\/xn--paartherapie-mnsterland-ppc.de\/index.php\/wp-json\/wp\/v2\/types\/page"}],"author":[{"embeddable":true,"href":"https:\/\/xn--paartherapie-mnsterland-ppc.de\/index.php\/wp-json\/wp\/v2\/users\/1"}],"replies":[{"embeddable":true,"href":"https:\/\/xn--paartherapie-mnsterland-ppc.de\/index.php\/wp-json\/wp\/v2\/comments?post=118"}],"version-history":[{"count":33,"href":"https:\/\/xn--paartherapie-mnsterland-ppc.de\/index.php\/wp-json\/wp\/v2\/pages\/118\/revisions"}],"predecessor-version":[{"id":1117,"href":"https:\/\/xn--paartherapie-mnsterland-ppc.de\/index.php\/wp-json\/wp\/v2\/pages\/118\/revisions\/1117"}],"wp:attachment":[{"href":"https:\/\/xn--paartherapie-mnsterland-ppc.de\/index.php\/wp-json\/wp\/v2\/media?parent=118"}],"curies":[{"name":"wp","href":"https:\/\/api.w.org\/{rel}","templated":true}]}}