{"id":109,"date":"2016-02-19T09:25:21","date_gmt":"2016-02-19T09:25:21","guid":{"rendered":"http:\/\/plethorathemes.com\/healthflex\/health-coach\/?page_id=109"},"modified":"2021-03-18T07:02:26","modified_gmt":"2021-03-18T07:02:26","slug":"about","status":"publish","type":"page","link":"https:\/\/xn--paartherapie-mnsterland-ppc.de\/index.php\/about\/","title":{"rendered":"\u00dcber mich"},"content":{"rendered":"<p>[vc_row full_width=&#8220;0&#8243; full_height=&#8220;0&#8243; particles=&#8220;0&#8243; css=&#8220;.vc_custom_1457518050592{padding-top: 96px !important;}&#8220;][vc_column width=&#8220;2\/3&#8243;][vc_column_text]<\/p>\n<h4>&#8230;und das bin ich:<\/h4>\n<h3>Angelika Spitthoff<\/h3>\n<p>Ich bin in Rheine geboren und mit vier Geschwistern aufgewachsen. Nach Beendigung der Hauptschule im Jahr 1976 absolvierte ich eine 3-j\u00e4hrige Ausbildung zur Einzelhandelskauffrau.<\/p>\n<p>In der Zeit von 1998 bis 2003 holte ich auf der Abendschule zun\u00e4chst die Fachoberschulreife und sp\u00e4ter das Abitur nach. Aus dem Wunsch heraus mit Menschen zu arbeiten, studierte ich im Anschluss daran Sozialp\u00e4dagogik \/ Soziale Arbeit.<\/p>\n<p>Fr\u00fch lernte ich meinen jetzigen Mann kennen. Wir heirateten 1982. Unsere erste Tochter wurde 1983 geboren. Zwei weitere T\u00f6chter folgten 1985 und 1987. Damit erf\u00fcllte sich mein damaliger Lebenstraum, eine Familie zu gr\u00fcnden und zu versorgen.<\/p>\n<p>&nbsp;<\/p>\n<p>Im Laufe der Jahre habe ich erfahren, dass keine Beziehung ohne Krisen verl\u00e4uft. Viele Paare \u00fcberstehen diese Krisen, einige trennen sich.<\/p>\n<p>Auch ich selbst habe in meiner fast 40-j\u00e4hrigen Ehe viele H\u00f6hen und Tiefen durchlebt. Obwohl wir im Grunde unseres Herzens beide keine Trennung wollten, stand diese mehrmals im Raum. Damals sahen wir keinen Ausweg. Wir wussten nur, so wie bisher wollen und k\u00f6nnen wir nicht weiter machen. Wir suchten Hilfe und fanden sie.<\/p>\n<p>Wir haben viel dazu gelernt. Viele Missverst\u00e4ndnisse, Entt\u00e4uschungen und gegenseitige Verletzungen w\u00e4ren uns erspart geblieben, wenn wir mehr \u00fcber Kommunikation, Sexualit\u00e4t, und Beziehungsdynamiken gewusst h\u00e4tten.<\/p>\n<p>Meine Beobachtungen im Bekanntenkreis und eigene Erfahrungen haben in mir den Wunsch geweckt, Paare und Einzelpersonen zu beraten.<\/p>\n<p>Seit 2013 arbeite ich in eigener Praxis. Vielen Menschen habe ich helfen k\u00f6nnen. Manchmal brauchte es nur wenig um eine Ver\u00e4nderung zu erreichen. Manchmal ist es ein l\u00e4ngerer Prozess.[\/vc_column_text][vc_empty_space][vc_row_inner][vc_column_inner width=&#8220;2\/3&#8243;][vc_column_text]<\/p>\n<h3>Meine Qualifikation<\/h3>\n<ul>\n<li>Dipl.-Sozialp\u00e4dagogin \/ Dipl.-Sozialarbeiterin<\/li>\n<li>Sozialtherapeutin und Systemische Beraterin<br \/>\n(Ausbildung erfolgte entsprechend den Richtlinien<br \/>\ndes DGSF \u2013 Deutsche Gesellschaft f\u00fcr Systemische Therapie,<br \/>\nBeratung und Familientherapie)<\/li>\n<li>Sexualberaterin<br \/>\n(Ausbildung im SoHam\u2013Institut in Hamburg <a href=\"http:\/\/www.soham.de\" target=\"_blank\" rel=\"noopener\">www.soham.de<\/a>)<\/li>\n<li>EFT &#8211; EmotionsFokussierte Therapie\n<ul>\n<li>Externship \/ Basiskurs<\/li>\n<li>Coreskills Aufbaukurs<\/li>\n<li>Vertiefungskurs<\/li>\n<\/ul>\n<\/li>\n<\/ul>\n<p><a href=\"https:\/\/www.eft-paartherapie.de\/\" target=\"_blank\" rel=\"noopener\">www.eft-paartherapie.de<\/a>\u00a0 \/ \u00a0<a href=\"https:\/\/www.lovie.school\/\" target=\"_blank\" rel=\"noopener\">www.lovie.school<\/a><\/p>\n<ul>\n<li>Kommunikationstrainerin (EPL)<\/li>\n<li>Notfallseelsorgerin<\/li>\n<\/ul>\n<p>[\/vc_column_text][\/vc_column_inner][vc_column_inner width=&#8220;1\/3&#8243;][vc_column_text]<\/p>\n<h3>Privates<\/h3>\n<ul>\n<li>geb. 1961 in Rheine<\/li>\n<li>seit 1982 verheiratet<\/li>\n<li>3 T\u00f6chter<\/li>\n<li>6 Enkelkinder<\/li>\n<\/ul>\n<p>[\/vc_column_text][\/vc_column_inner][\/vc_row_inner]<div class=\"plethora_button wpb_content_element   text-left btn_inline\">\n    <a href=\"http:\/\/paartherapie-m\u00fcnsterland.de\/index.php\/work-with-me\/\" debug class=\" btn btn-secondary  \" title=\"\"  target=\"_self\">\n\n        \n        Arbeiten Sie mit mir\n        \n\n    <\/a>\n<\/div>[\/vc_column][vc_column width=&#8220;1\/3&#8243;][vc_single_image image=&#8220;873&#8243; img_size=&#8220;large&#8220;][\/vc_column][\/vc_row][vc_row color_set=&#8220;secondary_section&#8220; full_width=&#8220;0&#8243; full_height=&#8220;0&#8243; sep_top=&#8220;separator_top sep_angled_negative_top&#8220; sep_bottom=&#8220;separator_bottom sep_angled_negative_bottom&#8220; particles=&#8220;0&#8243;][vc_column color_set=&#8220;secondary_section&#8220;]<div class=\"section_header subtitle_bottom   fancy text-center\">\n\n    <h3 style=\"text-align: center;\"><strong>Arbeiten Sie mit mir!<\/strong><\/h3>\n\n\n        <p ><\/p>\n<\/div>[vc_column_text]<\/p>\n<p style=\"text-align: center;\">Zun\u00e4chst einmal h\u00f6re ich Ihnen zu. Zwischendurch stelle ich Fragen. Damit vergewissere ich mich zum einen, ob ich Sie richtig verstanden habe. Und zum anderen m\u00f6chte ich Sie damit anregen, sich neue und vielleicht ungew\u00f6hnliche Gedanken zu ihrer problematischen Situation zu machen.<\/p>\n<p style=\"text-align: center;\">In der Paarberatung liefere ich Ihnen zum Beispiel Informationen \u00fcber Beziehungsdynamiken, \u00fcber gelungene Kommunikation oder \u00fcber die physiologischen Grundlagen der Sexualit\u00e4t. Diese Informationen helfen Ihnen, Ihre Situation einzuordnen und besser zu verstehen. Paaren biete ich einen sicheren Rahmen. Hier d\u00fcrfen Gedanken, Gef\u00fchle, W\u00fcnsche und Bed\u00fcrfnisse ausgesprochen werden.<\/p>\n<p style=\"text-align: center;\">Ob Paar oder Einzelperson, nur wer das Ziel kennt, kann den Weg dorthin einschlagen. Wir formulieren gemeinsam Ihr Ziel und legen erste Schritte fest, mit denen Sie Ihrem Ziel n\u00e4her kommen. Je nach Situation gebe ich Ihnen \u201eHausaufgaben\u201c auf. Denn eine Ver\u00e4nderung stellt sich nur durch ein ver\u00e4ndertes Verhalten ein.<\/p>\n<p>[\/vc_column_text][vc_empty_space]<div class=\"plethora_button wpb_content_element   text-center \">\n    <a href=\"http:\/\/xn--paartherapie-mnsterland-ppc.de\/index.php\/connect\/\" debug class=\" btn btn-primary with-icon icon-right\" title=\"\"  target=\"_self\">\n\n        \n        Termin vereinbaren!\n         <i class=\"fa fa-check\"><\/i> \n\n    <\/a>\n<\/div>[\/vc_column][\/vc_row]<\/p>\n","protected":false},"excerpt":{"rendered":"<p>[vc_row full_width=&#8220;0&#8243; full_height=&#8220;0&#8243; particles=&#8220;0&#8243; css=&#8220;.vc_custom_1457518050592{padding-top: 96px !important;}&#8220;][vc_column width=&#8220;2\/3&#8243;][vc_column_text] &#8230;und das bin ich: Angelika Spitthoff Ich bin in Rheine geboren und mit vier Geschwistern aufgewachsen. Nach Beendigung der Hauptschule im Jahr 1976 absolvierte ich eine 3-j\u00e4hrige Ausbildung zur Einzelhandelskauffrau. In der Zeit von 1998 bis 2003 holte ich auf der Abendschule zun\u00e4chst die Fachoberschulreife und sp\u00e4ter [&hellip;]<\/p>\n","protected":false},"author":1,"featured_media":618,"parent":0,"menu_order":0,"comment_status":"closed","ping_status":"closed","template":"","meta":{"_exactmetrics_skip_tracking":false,"_exactmetrics_sitenote_active":false,"_exactmetrics_sitenote_note":"","_exactmetrics_sitenote_category":0,"footnotes":""},"class_list":["post-109","page","type-page","status-publish","has-post-thumbnail","hentry"],"_links":{"self":[{"href":"https:\/\/xn--paartherapie-mnsterland-ppc.de\/index.php\/wp-json\/wp\/v2\/pages\/109","targetHints":{"allow":["GET"]}}],"collection":[{"href":"https:\/\/xn--paartherapie-mnsterland-ppc.de\/index.php\/wp-json\/wp\/v2\/pages"}],"about":[{"href":"https:\/\/xn--paartherapie-mnsterland-ppc.de\/index.php\/wp-json\/wp\/v2\/types\/page"}],"author":[{"embeddable":true,"href":"https:\/\/xn--paartherapie-mnsterland-ppc.de\/index.php\/wp-json\/wp\/v2\/users\/1"}],"replies":[{"embeddable":true,"href":"https:\/\/xn--paartherapie-mnsterland-ppc.de\/index.php\/wp-json\/wp\/v2\/comments?post=109"}],"version-history":[{"count":70,"href":"https:\/\/xn--paartherapie-mnsterland-ppc.de\/index.php\/wp-json\/wp\/v2\/pages\/109\/revisions"}],"predecessor-version":[{"id":1043,"href":"https:\/\/xn--paartherapie-mnsterland-ppc.de\/index.php\/wp-json\/wp\/v2\/pages\/109\/revisions\/1043"}],"wp:featuredmedia":[{"embeddable":true,"href":"https:\/\/xn--paartherapie-mnsterland-ppc.de\/index.php\/wp-json\/wp\/v2\/media\/618"}],"wp:attachment":[{"href":"https:\/\/xn--paartherapie-mnsterland-ppc.de\/index.php\/wp-json\/wp\/v2\/media?parent=109"}],"curies":[{"name":"wp","href":"https:\/\/api.w.org\/{rel}","templated":true}]}}