{"id":107,"date":"2016-02-19T09:24:59","date_gmt":"2016-02-19T09:24:59","guid":{"rendered":"http:\/\/plethorathemes.com\/healthflex\/health-coach\/?page_id=107"},"modified":"2024-07-17T11:03:36","modified_gmt":"2024-07-17T11:03:36","slug":"startseite","status":"publish","type":"page","link":"https:\/\/xn--paartherapie-mnsterland-ppc.de\/","title":{"rendered":"Startseite"},"content":{"rendered":"<p>[vc_row full_width=&#8220;0&#8243; full_height=&#8220;0&#8243; row_padding=&#8220;no_padding&#8220; cols_padding=&#8220;no_cols_padding&#8220; elevate=&#8220;elevate&#8220; background=&#8220;transparent&#8220; el_class=&#8220;folded_section&#8220;][vc_column width=&#8220;1\/4&#8243; color_set=&#8220;dark_section&#8220; background=&#8220;transparent&#8220; offset=&#8220;vc_col-xs-6&#8243;]<!-- ========================== TEASER BOX ==========================-->\n<div class=\"teaser_box wpb_content_element text-center  transparent boxed same_height_col  with_button    \">\n\n\n  <div class=\"figure transparent\">\n\n      <a href=\"http:\/\/xn--paartherapie-mnsterland-ppc.de\/index.php\/paarberatung\/\" debug title=\"\" target=\"\"> \n\n        \n\n        \n\n        <i class=\"fa fa-balance-scale\"><\/i>\n\n\n    <\/a>\n\n\n  <\/div>\n\n\n  <div class=\"content text-center   with_button \">\n    \n    <div class=\"hgroup\">\n       <h4 class=\"neutralize_links\">\n       Paarberatung\n       <\/h4>\n       <p>Gemeinsam eine L\u00f6sung finden<\/p> \n    <\/div>\n\n    \n\n    <div class=\"link centered\">\n        <a href=\"http:\/\/xn--paartherapie-mnsterland-ppc.de\/index.php\/paarberatung\/\"  target=\"\" class=\"btn btn-xs btn-secondary\"><strong>Mehr<\/strong><\/a>\n    <\/div>\n\n  <\/div>\n\n<\/div>\n\n<!-- END======================= TEASER BOX ==========================-->[\/vc_column][vc_column width=&#8220;1\/4&#8243; color_set=&#8220;skincolored_section&#8220; background=&#8220;transparent&#8220; offset=&#8220;vc_col-xs-6&#8243;]<!-- ========================== TEASER BOX ==========================-->\n<div class=\"teaser_box wpb_content_element text-center  transparent boxed same_height_col  with_button    \">\n\n\n  <div class=\"figure transparent\">\n\n      <a href=\"http:\/\/xn--paartherapie-mnsterland-ppc.de\/index.php\/sexualberatung\/\" debug title=\"\" target=\"\"> \n\n        \n\n        \n\n        <i class=\"fa fa-heart\"><\/i>\n\n\n    <\/a>\n\n\n  <\/div>\n\n\n  <div class=\"content text-center   with_button \">\n    \n    <div class=\"hgroup\">\n       <h4 class=\"neutralize_links\">\n       Sexualberatung\n       <\/h4>\n       <p>Sprechen Sie ``Unerh\u00f6rtes`` aus<\/p> \n    <\/div>\n\n    \n\n    <div class=\"link centered\">\n        <a href=\"http:\/\/xn--paartherapie-mnsterland-ppc.de\/index.php\/sexualberatung\/\"  target=\"\" class=\"btn btn-xs btn-secondary\"><strong>Mehr<\/strong><\/a>\n    <\/div>\n\n  <\/div>\n\n<\/div>\n\n<!-- END======================= TEASER BOX ==========================-->[\/vc_column][vc_column width=&#8220;1\/4&#8243; color_set=&#8220;dark_section&#8220; offset=&#8220;vc_col-xs-6&#8243;]<!-- ========================== TEASER BOX ==========================-->\n<div class=\"teaser_box wpb_content_element text-center  transparent boxed same_height_col  with_button    \">\n\n\n  <div class=\"figure transparent\">\n\n      <a href=\"http:\/\/xn--paartherapie-mnsterland-ppc.de\/index.php\/einzelberatung\/\" debug title=\"\" target=\"\"> \n\n        \n\n        \n\n        <i class=\"fa fa-smile-o\"><\/i>\n\n\n    <\/a>\n\n\n  <\/div>\n\n\n  <div class=\"content text-center   with_button \">\n    \n    <div class=\"hgroup\">\n       <h4 class=\"neutralize_links\">\n       Einzelberatung\n       <\/h4>\n       <p>Ich bin Ihr Wegbegleiter<\/p> \n    <\/div>\n\n    \n\n    <div class=\"link centered\">\n        <a href=\"http:\/\/xn--paartherapie-mnsterland-ppc.de\/index.php\/einzelberatung\/\"  target=\"\" class=\"btn btn-xs btn-secondary\"><strong>Mehr<\/strong><\/a>\n    <\/div>\n\n  <\/div>\n\n<\/div>\n\n<!-- END======================= TEASER BOX ==========================-->[\/vc_column][vc_column width=&#8220;1\/4&#8243; color_set=&#8220;skincolored_section&#8220; background=&#8220;transparent&#8220; offset=&#8220;vc_col-xs-6&#8243;]<!-- ========================== TEASER BOX ==========================-->\n<div class=\"teaser_box wpb_content_element text-center  transparent boxed same_height_col  with_button    \">\n\n\n  <div class=\"figure transparent\">\n\n      <a href=\"http:\/\/xn--paartherapie-mnsterland-ppc.de\/index.php\/3-x-3-das-paargespraech\/\" debug title=\"\" target=\"\"> \n\n        \n\n        \n\n        <i class=\"fa fa-weixin\"><\/i>\n\n\n    <\/a>\n\n\n  <\/div>\n\n\n  <div class=\"content text-center   with_button \">\n    \n    <div class=\"hgroup\">\n       <h4 class=\"neutralize_links\">\n       3 x 3 - Das Paargespr\u00e4ch\n       <\/h4>\n       <p>Eine gl\u00fcckliche Beziehung ist kein Zufall<\/p> \n    <\/div>\n\n    \n\n    <div class=\"link centered\">\n        <a href=\"http:\/\/xn--paartherapie-mnsterland-ppc.de\/index.php\/3-x-3-das-paargespraech\/\"  target=\"\" class=\"btn btn-xs btn-secondary\"><strong>Mehr<\/strong><\/a>\n    <\/div>\n\n  <\/div>\n\n<\/div>\n\n<!-- END======================= TEASER BOX ==========================-->[\/vc_column][\/vc_row][vc_row full_width=&#8220;0&#8243; full_height=&#8220;0&#8243; row_padding=&#8220;no_top_padding&#8220; particles=&#8220;0&#8243;][vc_column]<div class=\"section_header subtitle_bottom   fancy text-left\">\n\n    <p><b>Warum Paarberatung? \u2013 Meine Motivation<\/b><\/p>\n\n\n        <p ><\/p>\n<\/div>[\/vc_column][vc_column heading_align=&#8220;text-center&#8220; align=&#8220;text-left&#8220; margin=&#8220;margin_bottom_grid&#8220; offset=&#8220;vc_col-md-8&#8243;][vc_column_text]Jede Beziehung beginnt in der Regel mit gro\u00dfen Gef\u00fchlen \u2013 mit Liebe, Lust und Leidenschaft.<\/p>\n<p>Die Partner m\u00f6chten sich gegenseitig gl\u00fccklich machen und sind optimistisch und zuversichtlich, dass ihnen dies gelingen wird.<\/p>\n<p>Wenn die erste Verliebtheit nachl\u00e4sst, wenn der Alltag einkehrt, kann sich Langeweile einstellen. Aus Lust wird Frust, aus Leidenschaft wird Lustlosigkeit. Und was wird aus der Liebe?<\/p>\n<p>Ich habe in meinem Leben so viele Beziehungen beobachtet, in der ein oder beide Partner nicht mehr gl\u00fccklich sind. Beziehungen, in denen der Wille zur Ver\u00e4nderung vorhanden war, aber beide nicht wussten, wie sie es anstellen sollten.<\/p>\n<p>Die Folge: Viel Leid bei den Betroffenen. Das ist schade und muss oft auch nicht sein. Manchmal entfalten kleine Ver\u00e4nderungen schon eine gro\u00dfe Wirkung.<\/p>\n<p>Ich m\u00f6chte Paaren helfen, einen Weg f\u00fcr sich zu finden.[\/vc_column_text][vc_column_text][\/vc_column_text]<div class=\"plethora_button wpb_content_element   text-left \">\n    <a href=\"http:\/\/xn--paartherapie-mnsterland-ppc.de\/index.php\/work-with-me\/\" debug class=\" btn btn-primary  \" title=\"\"  target=\"_self\">\n\n        \n        Arbeiten Sie mit mir\n        \n\n    <\/a>\n<\/div>[\/vc_column][vc_column width=&#8220;1\/2&#8243; align=&#8220;text-left&#8220; offset=&#8220;vc_col-md-4&#8243;]<!-- ========================== TEASER BOX ==========================-->\n<div class=\"teaser_box wpb_content_element text-center  skincolored_section    with_button    \">\n\n  <div class=\"figure \">\n\n\n      <a href=\"http:\/\/xn--paartherapie-mnsterland-ppc.de\/index.php\/frequently-asked-questions\/\" debug title=\"\" target=\"\"> \n\n        \n         <div class=\"figure  stretchy_wrapper ratio_16-9\" style=\"background-image:url('https:\/\/paartherapie-m\u00fcnsterland.de\/wp-content\/uploads\/2016\/02\/Yasin-Hassan-\u064a\u0627\u0633\u064a\u0646-\u062d\u0633\u0646.jpg')\"><\/div> \n        \n          \n\n        \n\n    <\/a>\n\n  <\/div>\n\n\n\n  <div class=\"content text-center boxed  with_button \">\n    \n    <div class=\"hgroup\">\n       <h4 class=\"neutralize_links\">\n       Was geschieht bei einer Paarberatung?\n       <\/h4>\n       <p>...und andere h\u00e4ufig gestellte Fragen<\/p> \n    <\/div>\n\n    \n\n    <div class=\"link centered\">\n        <a href=\"http:\/\/xn--paartherapie-mnsterland-ppc.de\/index.php\/frequently-asked-questions\/\"  target=\"\" class=\"btn btn-xs btn-secondary\"><strong>Mehr<\/strong><\/a>\n    <\/div>\n\n  <\/div>\n\n<\/div>\n\n<!-- END======================= TEASER BOX ==========================-->[\/vc_column][vc_column][\/vc_column][vc_column][\/vc_column][\/vc_row][vc_row full_width=&#8220;0&#8243; full_height=&#8220;0&#8243; sep_bottom=&#8220;separator_bottom sep_angled_positive_bottom&#8220; particles=&#8220;0&#8243; css=&#8220;.vc_custom_1495567270324{padding-top: 2px !important;}&#8220;][vc_column]<div class=\"section_header subtitle_bottom   fancy text-left\">\n\n    <h3><strong>Meine Verg\u00fctung f\u00fcr Ihre individuelle Beratung<\/strong><\/h3>\n\n\n        <p ><\/p>\n<\/div>[\/vc_column][vc_column width=&#8220;1\/2&#8243;]<div class=\"pricing_plan white_section  \">  \n\n\n    <div class=\"stretchy_wrapper ratio_2-1\">\n      <div style=\"background-image:url('https:\/\/paartherapie-m\u00fcnsterland.de\/wp-content\/uploads\/2016\/02\/Hernan-Pinera-Sombra-Shadow.jpg');\" class=\"pricing_plan_photo\"><\/div>\n      <div class=\"heart beating\"><div class=\"heart-inner\"><div class=\"heart-label\"><\/div><\/div><\/div>\n    <\/div>\n\n\n  <div  class=\"plan_title secondary_section\">\n    <h3>Beratung f\u00fcr<\/h3>\n    <p>Einzelpersonen<\/p>\n  <\/div>\n  <div class=\"the_price skincolored_section\">80 \u20ac \/ Std<small><\/small><\/div>\n  <div class=\"the_offerings \">\n   Individuelles Beratungsgespr\u00e4ch<br \/>\nDauer: 1 Stunde   <br \/> \n\n\n  <\/div>\n\n<\/div>[\/vc_column][vc_column width=&#8220;1\/2&#8243;]<div class=\"pricing_plan white_section  \">  \n\n\n    <div class=\"stretchy_wrapper ratio_2-1\">\n      <div style=\"background-image:url('https:\/\/paartherapie-m\u00fcnsterland.de\/wp-content\/uploads\/2016\/02\/Candida-Performa-Its-all-about-love.jpg');\" class=\"pricing_plan_photo\"><\/div>\n      \n    <\/div>\n\n\n  <div  class=\"plan_title secondary_section\">\n    <h3>Beratung f\u00fcr<\/h3>\n    <p>Paare<\/p>\n  <\/div>\n  <div class=\"the_price skincolored_section\">100 \u20ac \/ Std<small><\/small><\/div>\n  <div class=\"the_offerings \">\n   Individuelles Beratungsgespr\u00e4ch<br \/>\nDauer: ca. 1,5 Stunden \/ Sitzung   <br \/> \n\n\n  <\/div>\n\n<\/div>[\/vc_column][\/vc_row][vc_row color_set=&#8220;black_section&#8220; align=&#8220;text-center&#8220; full_width=&#8220;0&#8243; full_height=&#8220;0&#8243; cols_valign=&#8220;vcenter&#8220; transparent_overlay=&#8220;transparent_film&#8220; background=&#8220;bgimage&#8220; bgimage=&#8220;610&#8243; parallax=&#8220;1&#8243;][vc_column]<div class=\"section_header subtitle_bottom   fancy text-center\">\n\n    <h2>Sie m\u00f6chten mit mir pers\u00f6nlich sprechen?<\/h2>\n\n\n        <p >Rufen Sie mich gerne an <strong> 0178 - 65 85 437 <\/strong><\/p>\n<\/div>[\/vc_column][vc_column width=&#8220;1\/3&#8243;][\/vc_column][vc_column width=&#8220;1\/3&#8243;]\n<div class=\"wpcf7 no-js\" id=\"wpcf7-f1080-o1\" lang=\"de-DE\" dir=\"ltr\" data-wpcf7-id=\"1080\">\n<div class=\"screen-reader-response\"><p role=\"status\" aria-live=\"polite\" aria-atomic=\"true\"><\/p> <ul><\/ul><\/div>\n<form action=\"\/index.php\/wp-json\/wp\/v2\/pages\/107#wpcf7-f1080-o1\" method=\"post\" class=\"wpcf7-form init\" aria-label=\"Kontaktformular\" novalidate=\"novalidate\" data-status=\"init\">\n<fieldset class=\"hidden-fields-container\"><input type=\"hidden\" name=\"_wpcf7\" value=\"1080\" \/><input type=\"hidden\" name=\"_wpcf7_version\" value=\"6.1.5\" \/><input type=\"hidden\" name=\"_wpcf7_locale\" value=\"de_DE\" \/><input type=\"hidden\" name=\"_wpcf7_unit_tag\" value=\"wpcf7-f1080-o1\" \/><input type=\"hidden\" name=\"_wpcf7_container_post\" value=\"0\" \/><input type=\"hidden\" name=\"_wpcf7_posted_data_hash\" value=\"\" \/><input type=\"hidden\" name=\"_wpcf7_recaptcha_response\" value=\"\" \/>\n<\/fieldset>\n<p><label> Ihr Name<br \/>\n<span class=\"wpcf7-form-control-wrap\" data-name=\"your-name\"><input size=\"40\" maxlength=\"400\" class=\"wpcf7-form-control wpcf7-form-control form-control wpcf7-validates-as-required\" aria-required=\"true\" aria-invalid=\"false\" value=\"\" type=\"text\" name=\"your-name\" \/><\/span> <\/label>\n<\/p>\n<p><label> Ihre Telefonnummer<br \/>\n<span class=\"wpcf7-form-control-wrap\" data-name=\"your-number\"><input size=\"40\" maxlength=\"400\" class=\"wpcf7-form-control wpcf7-tel wpcf7-form-control form-control wpcf7-validates-as-tel\" aria-invalid=\"false\" value=\"\" type=\"tel\" name=\"your-number\" \/><\/span> <\/label>\n<\/p>\n<p><label> Ihre E-Mail-Adresse<br \/>\n<span class=\"wpcf7-form-control-wrap\" data-name=\"your-email\"><input size=\"40\" maxlength=\"400\" class=\"wpcf7-form-control wpcf7-form-control form-control wpcf7-validates-as-required wpcf7-form-control form-control wpcf7-validates-as-email\" aria-required=\"true\" aria-invalid=\"false\" value=\"\" type=\"email\" name=\"your-email\" \/><\/span> <\/label>\n<\/p>\n<p><label> Ihre Nachricht<br \/>\n<span class=\"wpcf7-form-control-wrap\" data-name=\"your-message\"><textarea cols=\"40\" rows=\"10\" maxlength=\"2000\" class=\"wpcf7-form-control wpcf7-form-control wpcf7-form-control form-control wpcf7-validates-as-required\" aria-required=\"true\" aria-invalid=\"false\" name=\"your-message\"><\/textarea><\/span> <\/label>\n<\/p>\n<p><label> Gew\u00fcnschtes Datum f\u00fcr ein Gespr\u00e4ch (optional)<br \/>\n<span class=\"wpcf7-form-control-wrap datetime-497\"><input size=\"40\" class=\"wpcf7-form-control wpcf7-datetime wpcf7-date\" type=\"text\" value=\"\" name=\"datetime-497\" \/> <\/span> <\/label>\n<\/p>\n<span class=\"wpcf7-form-control-wrap recaptcha\" data-name=\"recaptcha\"><span data-sitekey=\"6Lec4QwqAAAAAEDzGMeMZ7RZ1Rhrgzb-Bfj5a_yK\" class=\"wpcf7-form-control wpcf7-recaptcha g-recaptcha\"><\/span>\r\n<noscript>\r\n\t<div class=\"grecaptcha-noscript\">\r\n\t\t<iframe loading=\"lazy\" src=\"https:\/\/www.google.com\/recaptcha\/api\/fallback?k=6Lec4QwqAAAAAEDzGMeMZ7RZ1Rhrgzb-Bfj5a_yK\" frameborder=\"0\" scrolling=\"no\" width=\"310\" height=\"430\">\r\n\t\t<\/iframe>\r\n\t\t<textarea name=\"g-recaptcha-response\" rows=\"3\" cols=\"40\" placeholder=\"reCaptcha Response Here\">\r\n\t\t<\/textarea>\r\n\t<\/div>\r\n<\/noscript>\r\n<\/span>\n<p><input class=\"wpcf7-form-control wpcf7-submit btn btn-primary has-spinner\" type=\"submit\" value=\"Senden\" \/>\n<\/p><div class=\"wpcf7-response-output\" aria-hidden=\"true\"><\/div>\n<\/form>\n<\/div>\n[\/vc_column][vc_column width=&#8220;1\/3&#8243;][\/vc_column][\/vc_row]<\/p>\n","protected":false},"excerpt":{"rendered":"<p>[vc_row full_width=&#8220;0&#8243; full_height=&#8220;0&#8243; row_padding=&#8220;no_padding&#8220; cols_padding=&#8220;no_cols_padding&#8220; elevate=&#8220;elevate&#8220; background=&#8220;transparent&#8220; el_class=&#8220;folded_section&#8220;][vc_column width=&#8220;1\/4&#8243; color_set=&#8220;dark_section&#8220; background=&#8220;transparent&#8220; offset=&#8220;vc_col-xs-6&#8243;][\/vc_column][vc_column width=&#8220;1\/4&#8243; color_set=&#8220;skincolored_section&#8220; background=&#8220;transparent&#8220; offset=&#8220;vc_col-xs-6&#8243;][\/vc_column][vc_column width=&#8220;1\/4&#8243; color_set=&#8220;dark_section&#8220; offset=&#8220;vc_col-xs-6&#8243;][\/vc_column][vc_column width=&#8220;1\/4&#8243; color_set=&#8220;skincolored_section&#8220; background=&#8220;transparent&#8220; offset=&#8220;vc_col-xs-6&#8243;][\/vc_column][\/vc_row][vc_row full_width=&#8220;0&#8243; full_height=&#8220;0&#8243; row_padding=&#8220;no_top_padding&#8220; particles=&#8220;0&#8243;][vc_column][\/vc_column][vc_column heading_align=&#8220;text-center&#8220; align=&#8220;text-left&#8220; margin=&#8220;margin_bottom_grid&#8220; offset=&#8220;vc_col-md-8&#8243;][vc_column_text]Jede Beziehung beginnt in der Regel mit gro\u00dfen Gef\u00fchlen \u2013 mit Liebe, Lust und Leidenschaft. Die Partner m\u00f6chten sich gegenseitig gl\u00fccklich machen und sind optimistisch [&hellip;]<\/p>\n","protected":false},"author":1,"featured_media":0,"parent":0,"menu_order":0,"comment_status":"closed","ping_status":"closed","template":"","meta":{"_exactmetrics_skip_tracking":false,"_exactmetrics_sitenote_active":false,"_exactmetrics_sitenote_note":"","_exactmetrics_sitenote_category":0,"footnotes":""},"class_list":["post-107","page","type-page","status-publish","hentry"],"_links":{"self":[{"href":"https:\/\/xn--paartherapie-mnsterland-ppc.de\/index.php\/wp-json\/wp\/v2\/pages\/107","targetHints":{"allow":["GET"]}}],"collection":[{"href":"https:\/\/xn--paartherapie-mnsterland-ppc.de\/index.php\/wp-json\/wp\/v2\/pages"}],"about":[{"href":"https:\/\/xn--paartherapie-mnsterland-ppc.de\/index.php\/wp-json\/wp\/v2\/types\/page"}],"author":[{"embeddable":true,"href":"https:\/\/xn--paartherapie-mnsterland-ppc.de\/index.php\/wp-json\/wp\/v2\/users\/1"}],"replies":[{"embeddable":true,"href":"https:\/\/xn--paartherapie-mnsterland-ppc.de\/index.php\/wp-json\/wp\/v2\/comments?post=107"}],"version-history":[{"count":96,"href":"https:\/\/xn--paartherapie-mnsterland-ppc.de\/index.php\/wp-json\/wp\/v2\/pages\/107\/revisions"}],"predecessor-version":[{"id":1123,"href":"https:\/\/xn--paartherapie-mnsterland-ppc.de\/index.php\/wp-json\/wp\/v2\/pages\/107\/revisions\/1123"}],"wp:attachment":[{"href":"https:\/\/xn--paartherapie-mnsterland-ppc.de\/index.php\/wp-json\/wp\/v2\/media?parent=107"}],"curies":[{"name":"wp","href":"https:\/\/api.w.org\/{rel}","templated":true}]}}